{"id":5031,"date":"2017-02-20T00:43:48","date_gmt":"2017-02-20T07:43:48","guid":{"rendered":"https:\/\/luatsubaoho.com\/phapluat\/?page_id=5031"},"modified":"2024-02-19T16:28:38","modified_gmt":"2024-02-19T09:28:38","slug":"lien-he","status":"publish","type":"page","link":"https:\/\/luatsubaoho.com\/phapluat\/lien-he\/","title":{"rendered":"li\u00ean h\u1ec7"},"content":{"rendered":"\n<p>[vc_row][vc_column width=\u201d2\/3\u2033][vc_column_text]<br>\n<strong>LU\u1eacT S\u01af B\u1ea2O H\u1ed8<\/strong><br>\nLu\u1eadt s\u01b0 t\u01b0 v\u1ea5n lu\u1eadt D\u00e2n s\u1ef1, lu\u1eadt H\u00ecnh s\u1ef1, lu\u1eadt H\u00e0nh ch\u00ednh, lu\u1eadt Doanh nghi\u1ec7p\u2026 T\u01b0 v\u1ea5n \u0111\u1ea7u t\u01b0, xin c\u1ea5p gi\u1ea5y t\u1edd, gi\u1ea3i quy\u1ebft tranh ch\u1ea5p, lu\u1eadt s\u01b0 tham gia t\u1ed1 t\u1ee5ng, \u0111\u1ea1i di\u1ec7n tranh t\u1ee5ng t\u1ea1i T\u00f2a \u00e1n, Tr\u1ecdng t\u00e0i Th\u01b0\u01a1ng m\u1ea1i, lu\u1eadt s\u01b0 b\u00e0o ch\u1eefa v\u1ee5 \u00e1n h\u00ecnh s\u1ef1\u2026.<br>\nLi\u00ean h\u1ec7 \u0111i\u1ec7n tho\u1ea1i: <strong><a id=\"callnowbutton\" href=\"tel:0768236248\">0768.236.248<\/a> \u2013 <a class=\"button success\" href=\"http:\/\/zalo.me\/0768236248\" target=\"_blank\" rel=\"noopener noreferrer\" data-animate=\"fadeInDown\" data-animated=\"true\"> Chat Zalo<\/a><\/strong><br>\nG\u1eedi y\u00eau c\u1ea7u email: <a href=\"mailto:luatsubaoho@gmail.com?subject=Tieu%20de:&amp;body=Noi%20dung%20yeu%20cau%20va%20so%20dien%20thoai:\">luatsubaoho@gmail.com<\/a><br>\nWebsite: https:\/\/luatsubaoho.com<br>\nV\u0103n ph\u00f2ng lu\u1eadt s\u01b0 t\u01b0 v\u1ea5n lu\u1eadt t\u1ea1i H\u00e0 N\u1ed9i, TP H\u1ed3 Ch\u00ed Minh v\u00e0 c\u00e1c t\u1ec9nh th\u00e0nh tr\u00ean c\u1ea3 n\u01b0\u1edbc.<br>\n[\/vc_column_text][vc_row_inner][vc_column_inner width=\u201d1\/2\u2033]<\/p>\n<div class=\"td_block_wrap td_block_text_with_title td_uid_1_69e0ba137a271_rand td-pb-border-top td_block_template_9\" data-td-block-uid=\"td_uid_1_69e0ba137a271\">\n<h4 class=\"td-block-title\"><span class=\"td-pulldown-size\">\u0110\u1ecba ch\u1ec9 VP lu\u1eadt H\u00e0 N\u1ed9i:<\/span><\/h4>\n<div class=\"td_mod_wrap\">V\u0103n ph\u00f2ng lu\u1eadt s\u01b0 Th\u1eafng,<br>\n31 L\u00fd T\u1ef1 Tr\u1ecdng, La Kh\u00ea, H\u00e0 \u0110\u00f4ng, H\u00e0 N\u1ed9i, Vi\u1ec7t Nam<br>\n\u2014\u2014\u2014\u2014<br>\nV\u0103n ph\u00f2ng lu\u1eadt s\u01b0 s\u1ed1 7,<br>\nPh\u00f2ng 505 t\u00f2a B, nh\u00e0 H\u1ed3ng K\u00f4ng, C\u1ea7u Gi\u1ea5y, H\u00e0 N\u1ed9i.<br>\n(\u0111\u1ed1i di\u1ec7n \u0111\u1ea1i s\u1ee9 qu\u00e1n Li\u00ean bang Nga)<\/div>\n<\/div>[\/vc_column_inner][vc_column_inner width=\u201d1\/2\u2033]<div class=\"td_block_wrap td_block_text_with_title td_uid_2_69e0ba137a546_rand td-pb-border-top td_block_template_9\" data-td-block-uid=\"td_uid_2_69e0ba137a546\">\n<h4 class=\"td-block-title\"><span class=\"td-pulldown-size\">VP lu\u1eadt TP. H\u1ed3 Ch\u00ed Minh:<\/span><\/h4>\n<div class=\"td_mod_wrap\">The Light Law, T\u00f2a nh\u00e0 Indochina,<br>\nS\u1ed1 4 \u0111\u01b0\u1eddng Nguy\u1ec5n \u0110\u00ecnh Chi\u1ec3u, ph\u01b0\u1eddng \u0110akao,<br>\nqu\u1eadn 1, TP H\u1ed3 Ch\u00ed Minh.<\/div>\n<\/div>[\/vc_column_inner][\/vc_row_inner][vc_row_inner][vc_column_inner][vc_raw_html]JTNDaDQlMjBjbGFzcyUzRCUyMmJsb2NrLXRpdGxlJTIyJTNFJTNDc3BhbiUzRSVDNCU5MGklRTElQkIlODFuJTIwdGglQzMlQjRuZyUyMHRpbiUyMGclRTElQkIlQURpJTIwdiVDMyVBMG8lMjBmb3JtJTIwc2F1JTNBJTNDJTJGc3BhbiUzRSUzQyUyRmg0JTNF[\/vc_raw_html][\/vc_column_inner][\/vc_row_inner][vc_row_inner][vc_column_inner][vc_column_text]\n<div class=\"wpcf7 no-js\" id=\"wpcf7-f9724-o1\" lang=\"en-US\" dir=\"ltr\">\n<div class=\"screen-reader-response\">\n<p role=\"status\" aria-live=\"polite\" aria-atomic=\"true\"><\/p> <ul><\/ul>\n<\/div>\n<form action=\"\/phapluat\/wp-json\/wp\/v2\/pages\/5031#wpcf7-f9724-o1\" method=\"post\" class=\"wpcf7-form init\" aria-label=\"Contact form\" novalidate=\"novalidate\" data-status=\"init\">\n<div style=\"display: none;\">\n<input type=\"hidden\" name=\"_wpcf7\" value=\"9724\">\n<input type=\"hidden\" name=\"_wpcf7_version\" value=\"5.9.8\">\n<input type=\"hidden\" name=\"_wpcf7_locale\" value=\"en_US\">\n<input type=\"hidden\" name=\"_wpcf7_unit_tag\" value=\"wpcf7-f9724-o1\">\n<input type=\"hidden\" name=\"_wpcf7_container_post\" value=\"0\">\n<input type=\"hidden\" name=\"_wpcf7_posted_data_hash\" value=\"\">\n<\/div>\n<div class=\"wpcf7-response-output\" aria-hidden=\"true\"><\/div>\n<\/form>\n<\/div>\n[\/vc_column_text][\/vc_column_inner][\/vc_row_inner][\/vc_column][vc_column width=\u201d1\/3\u2033]<div class=\"td_block_wrap td_block_text_with_title td_uid_3_69e0ba137a978_rand td-pb-border-top td_block_template_9\" data-td-block-uid=\"td_uid_3_69e0ba137a978\">\n<h4 class=\"td-block-title\"><span class=\"td-pulldown-size\">Lu\u1eadt s\u01b0 b\u1ea3o h\u1ed9<\/span><\/h4>\n<div class=\"td_mod_wrap\">\n<figure id=\"attachment_8116\" aria-describedby=\"caption-attachment-8116\" style=\"width: 530px\" class=\"wp-caption alignnone\"><img loading=\"lazy\" decoding=\"async\" class=\"size-full wp-image-8116\" src=\"https:\/\/luatsubaoho.com\/phapluat\/wp-content\/uploads\/2018\/02\/luat-su-bao-ho-quyen-loi.jpg\" alt=\"H\u00ecnh \u1ea3nh ho\u1ea1t \u0111\u1ed9ng t\u1ea1i T\u00f2a \u00e1n li\u00ean h\u1ec7\" width=\"530\" height=\"398\" srcset=\"https:\/\/luatsubaoho.com\/phapluat\/wp-content\/uploads\/2018\/02\/luat-su-bao-ho-quyen-loi.jpg 530w, https:\/\/luatsubaoho.com\/phapluat\/wp-content\/uploads\/2018\/02\/luat-su-bao-ho-quyen-loi-150x113.jpg 150w, https:\/\/luatsubaoho.com\/phapluat\/wp-content\/uploads\/2018\/02\/luat-su-bao-ho-quyen-loi-265x198.jpg 265w\" sizes=\"(max-width: 530px) 100vw, 530px\" title=\"li\u00ean h\u1ec7\"><figcaption id=\"caption-attachment-8116\" class=\"wp-caption-text\">H\u00ecnh \u1ea3nh ho\u1ea1t \u0111\u1ed9ng t\u1ea1i T\u00f2a \u00e1n<\/figcaption><\/figure>\n<p><\/p>\n<\/div>\n<\/div>\n<div class=\"td_block_wrap td_block_video_playlist\"><div id=\"td_uid_4_69e0ba137ac07\" class=\"td_block_inner\">\n<div class=\"td_video_playlist_column_1\">\n<div class=\"td_video_playlist_title\"><div class=\"td_video_title_text\">Video t\u01b0 v\u1ea5n lu\u1eadt<\/div><\/div>\n<div class=\"td_wrapper_video_playlist\">\n<div class=\"td_wrapper_player td_wrapper_playlist_player_youtube\" data-first-video=\"\" data-autoplay=\"0\">\r\n                            <div id=\"player_youtube\"><\/div>\r\n                       <\/div>\n<div class=\"td_container_video_playlist \">\r\n                                                <div class=\"td_video_controls_playlist_wrapper\">\n<div class=\"td_video_stop_play_control\"><a class=\"td-sp-video-play td-sp td_youtube_control\"><\/a><\/div>\n<div class=\"td_current_video_play_title_youtube td_video_title_playing\"><\/div>\n<div class=\"td_current_video_play_time_youtube td_video_time_playing\"><\/div>\n<\/div>\r\n                                                <div id=\"td_youtube_playlist_video\" class=\"td_playlist_clickable \"><\/div>\r\n                       <\/div>\r\n                    <\/div>\r\n                    <\/div>\r\n                    <script>;if (undefined === window.td_youtube_list_ids) {window.td_youtube_list_ids = {}};<\/script>\n<\/div><\/div> <!-- .\/block_video_playlist -->[\/vc_column][\/vc_row]\n","protected":false},"excerpt":{"rendered":"<p>[vc_row][vc_column width=\u201d2\/3\u2033][vc_column_text] LU\u1eacT S\u01af B\u1ea2O H\u1ed8 Lu\u1eadt s\u01b0 t\u01b0 v\u1ea5n lu\u1eadt D\u00e2n s\u1ef1, lu\u1eadt H\u00ecnh s\u1ef1, lu\u1eadt H\u00e0nh ch\u00ednh, lu\u1eadt Doanh nghi\u1ec7p\u2026 T\u01b0 v\u1ea5n \u0111\u1ea7u t\u01b0, xin c\u1ea5p gi\u1ea5y t\u1edd, gi\u1ea3i quy\u1ebft tranh ch\u1ea5p, lu\u1eadt s\u01b0 tham gia t\u1ed1 t\u1ee5ng, \u0111\u1ea1i di\u1ec7n tranh t\u1ee5ng t\u1ea1i T\u00f2a \u00e1n, Tr\u1ecdng t\u00e0i Th\u01b0\u01a1ng m\u1ea1i, lu\u1eadt s\u01b0 b\u00e0o ch\u1eefa [&hellip;]<\/p>\n","protected":false},"author":1,"featured_media":0,"parent":0,"menu_order":0,"comment_status":"closed","ping_status":"closed","template":"","meta":{"footnotes":""},"_links":{"self":[{"href":"https:\/\/luatsubaoho.com\/phapluat\/wp-json\/wp\/v2\/pages\/5031"}],"collection":[{"href":"https:\/\/luatsubaoho.com\/phapluat\/wp-json\/wp\/v2\/pages"}],"about":[{"href":"https:\/\/luatsubaoho.com\/phapluat\/wp-json\/wp\/v2\/types\/page"}],"author":[{"embeddable":true,"href":"https:\/\/luatsubaoho.com\/phapluat\/wp-json\/wp\/v2\/users\/1"}],"replies":[{"embeddable":true,"href":"https:\/\/luatsubaoho.com\/phapluat\/wp-json\/wp\/v2\/comments?post=5031"}],"version-history":[{"count":25,"href":"https:\/\/luatsubaoho.com\/phapluat\/wp-json\/wp\/v2\/pages\/5031\/revisions"}],"predecessor-version":[{"id":41387,"href":"https:\/\/luatsubaoho.com\/phapluat\/wp-json\/wp\/v2\/pages\/5031\/revisions\/41387"}],"wp:attachment":[{"href":"https:\/\/luatsubaoho.com\/phapluat\/wp-json\/wp\/v2\/media?parent=5031"}],"curies":[{"name":"wp","href":"https:\/\/api.w.org\/{rel}","templated":true}]}}